{"id":22,"date":"2015-09-04T11:27:13","date_gmt":"2015-09-04T09:27:13","guid":{"rendered":"http:\/\/praxis-mariatrost.at\/wordpress\/?page_id=22"},"modified":"2015-11-19T13:42:11","modified_gmt":"2015-11-19T12:42:11","slug":"informationen","status":"publish","type":"page","link":"https:\/\/praxis-mariatrost.at\/index.php\/informationen\/","title":{"rendered":"Informationen"},"content":{"rendered":"<p><strong>Termine<\/strong><\/p>\n<p>F\u00fcr Blutabnahmen und Vorsorgeuntersuchungen bitten wir um telefonische Terminvereinbarung. Notf\u00e4lle (Schmerzpatienten, Fieberkinder, Verletzungen &#8230;) werden selbstverst\u00e4ndlich umgehend versorgt.<\/p>\n<p><strong>Blutabnahme<\/strong><\/p>\n<p>Dienstag und Donnerstag ab 8 Uhr. Bitte auch hier um telefonische Voranmeldung und Absprache, um die Laborbestimmung der Fragestellung angleichen zu k\u00f6nnen.<\/p>\n<p><strong>Kinder<\/strong><\/p>\n<p>Gerne behandle ich auch ihre Kinder und verabreiche die n\u00f6tigen Impfungen. Die laut MKP vorgesehenen Untersuchungen k\u00f6nnen ebenfalls bei mir durchgef\u00fchrt werden. F\u00fcr spezielle Diagnostik (H\u00fcftultraschall, Augenuntersuchung) muss eine fach\u00e4rztliche Kontrolle angeschlossen werden.<\/p>\n<p><strong>Wundversorgungen<\/strong><\/p>\n<p>Je nach Verletzungsart f\u00fchre ich kleinere Wundversorgungen in meiner Praxis durch.<\/p>\n<p><strong>Akupunktur<\/strong><\/p>\n<p>Als Inhaberin des \u00d6\u00c4K-Diploms f\u00fcr Akupunktur biete ich auch diese Behandlungsmethode in meiner Ordination an. Die Akupunktur ist eine bew\u00e4hrte Therapiealternative vor allem bei:<\/p>\n<ul>\n<li>Schmerzen im Bewegungsapparat<\/li>\n<li>Allergien<\/li>\n<li>Hauterkrankungen<\/li>\n<li>Atemwegserkrankungen<\/li>\n<li>chronischen Kopfschmerzen<\/li>\n<li>chronischer Sinusitis<\/li>\n<li>begleitend in der Schwangerschaft<\/li>\n<\/ul>\n<p><strong>E-Mail<\/strong><\/p>\n<p>Reservierungen von Rezepten und \u00dcberweisungen werden nur \u00fcber das daf\u00fcr vorhergesehene Formular akzeptiert und bearbeitet. Weiters erfolgt keine Terminreservierung \u00fcber E-Mail, und es werden auch keinerle medizinische Fragen \/ Ausk\u00fcnfte die per E-Mail einlagen bearbeitet.<\/p>\n<p><strong>Notf\u00e4lle<\/strong><\/p>\n<p>Bei schweren Notf\u00e4llen und unmittelbarer Lebensgefahr ist sofort 144 (Notruf \u00f6sterreichisches Rotes Kreuz) anzurufen.<\/p>\n<p>Au\u00dferhalb der Ordinationszeiten und bei Nichterreichbarkeit eines anderen Kollegen ist im Erkrankungsfall der \u00c4rztenotdienst zust\u00e4ndig (Tel.: 141). Siehe <a href=\"https:\/\/www.aekstmk.or.at\/361\" target=\"_blank\">Homepage \u00c4rztekammer \/ \u00c4rztenotdienst<\/a>.<\/p>\n","protected":false},"excerpt":{"rendered":"<p>Termine F\u00fcr Blutabnahmen und Vorsorgeuntersuchungen bitten wir um telefonische Terminvereinbarung. Notf\u00e4lle (Schmerzpatienten, Fieberkinder, Verletzungen &#8230;) werden selbstverst\u00e4ndlich umgehend versorgt. Blutabnahme Dienstag und Donnerstag ab 8 Uhr. Bitte auch hier um telefonische Voranmeldung und Absprache, um die Laborbestimmung der Fragestellung angleichen&hellip;<\/p>\n","protected":false},"author":1,"featured_media":0,"parent":0,"menu_order":0,"comment_status":"closed","ping_status":"open","template":"","meta":{"ngg_post_thumbnail":0},"_links":{"self":[{"href":"https:\/\/praxis-mariatrost.at\/index.php\/wp-json\/wp\/v2\/pages\/22"}],"collection":[{"href":"https:\/\/praxis-mariatrost.at\/index.php\/wp-json\/wp\/v2\/pages"}],"about":[{"href":"https:\/\/praxis-mariatrost.at\/index.php\/wp-json\/wp\/v2\/types\/page"}],"author":[{"embeddable":true,"href":"https:\/\/praxis-mariatrost.at\/index.php\/wp-json\/wp\/v2\/users\/1"}],"replies":[{"embeddable":true,"href":"https:\/\/praxis-mariatrost.at\/index.php\/wp-json\/wp\/v2\/comments?post=22"}],"version-history":[{"count":5,"href":"https:\/\/praxis-mariatrost.at\/index.php\/wp-json\/wp\/v2\/pages\/22\/revisions"}],"predecessor-version":[{"id":263,"href":"https:\/\/praxis-mariatrost.at\/index.php\/wp-json\/wp\/v2\/pages\/22\/revisions\/263"}],"wp:attachment":[{"href":"https:\/\/praxis-mariatrost.at\/index.php\/wp-json\/wp\/v2\/media?parent=22"}],"curies":[{"name":"wp","href":"https:\/\/api.w.org\/{rel}","templated":true}]}}