{"id":18,"date":"2015-09-04T11:26:51","date_gmt":"2015-09-04T09:26:51","guid":{"rendered":"http:\/\/praxis-mariatrost.at\/wordpress\/?page_id=18"},"modified":"2026-04-27T15:58:04","modified_gmt":"2026-04-27T13:58:04","slug":"rezept","status":"publish","type":"page","link":"https:\/\/praxis-mariatrost.at\/index.php\/rezept\/","title":{"rendered":"Rezept"},"content":{"rendered":"<p><span style=\"color: #339966;\"><strong>Die Ordination ist an folgenden Tagen geschlossen:<\/strong><\/span><\/p>\n<p><span style=\"color: #339966;\"><b>11.05.2026 bis 15.05.2026<br \/>\n03.08.2026 bis 14.08.2026<br \/>\n21.09.2026 bis 25.09.2026<br \/>\n<\/b><\/span><\/p>\n<p><span style=\"color: #808080;\"><span style=\"color: #ff0000;\"><strong>Bitte denken Sie daran, ALLE 90 Tage Ihre e-card in der Ordination stecken zu lassen, um eine reibungslose e-Medikation auf die Karte zu gew\u00e4hrleisten!<\/strong><\/span><\/span><\/p>\n<p>Benutzen Sie dieses Formular um Ihr Rezept vorzubestellen. Eine Ausf\u00fcllhilfe und zu beachtende Hinweise finden Sie weiter unten. Mit einem Stern * markierte Felder sind Pflichtfelder.<\/p>\n<div role=\"form\" class=\"wpcf7\" id=\"wpcf7-f67-o1\" lang=\"de-DE\" dir=\"ltr\">\n<div class=\"screen-reader-response\"><p role=\"status\" aria-live=\"polite\" aria-atomic=\"true\"><\/p> <ul><\/ul><\/div>\n<form action=\"\/index.php\/wp-json\/wp\/v2\/pages\/18#wpcf7-f67-o1\" method=\"post\" class=\"wpcf7-form init\" novalidate=\"novalidate\" data-status=\"init\">\n<div style=\"display: none;\">\n<input type=\"hidden\" name=\"_wpcf7\" value=\"67\" \/>\n<input type=\"hidden\" name=\"_wpcf7_version\" value=\"5.4\" \/>\n<input type=\"hidden\" name=\"_wpcf7_locale\" value=\"de_DE\" \/>\n<input type=\"hidden\" name=\"_wpcf7_unit_tag\" value=\"wpcf7-f67-o1\" \/>\n<input type=\"hidden\" name=\"_wpcf7_container_post\" value=\"0\" \/>\n<input type=\"hidden\" name=\"_wpcf7_posted_data_hash\" value=\"\" \/>\n<\/div>\n<p>Anrede: <span class=\"wpcf7-form-control-wrap Anrede\"><select name=\"Anrede\" class=\"wpcf7-form-control wpcf7-select\" aria-invalid=\"false\"><option value=\"Herr\">Herr<\/option><option value=\"Frau\">Frau<\/option><\/select><\/span>Vorname*: <span class=\"wpcf7-form-control-wrap Vorname\"><input type=\"text\" name=\"Vorname\" value=\"\" size=\"40\" class=\"wpcf7-form-control wpcf7-text wpcf7-validates-as-required\" aria-required=\"true\" aria-invalid=\"false\" \/><\/span>Nachname*: <span class=\"wpcf7-form-control-wrap Nachname\"><input type=\"text\" name=\"Nachname\" value=\"\" size=\"40\" class=\"wpcf7-form-control wpcf7-text wpcf7-validates-as-required\" aria-required=\"true\" aria-invalid=\"false\" \/><\/span>Versicherungsnummer und Geburtsdatum*: <span class=\"wpcf7-form-control-wrap Versicherungsnummer\"><input type=\"text\" name=\"Versicherungsnummer\" value=\"\" size=\"40\" class=\"wpcf7-form-control wpcf7-text wpcf7-validates-as-required\" aria-required=\"true\" aria-invalid=\"false\" \/><\/span>Telefonnummer*: <span class=\"wpcf7-form-control-wrap Telefon\"><input type=\"text\" name=\"Telefon\" value=\"\" size=\"40\" class=\"wpcf7-form-control wpcf7-text wpcf7-validates-as-required\" aria-required=\"true\" aria-invalid=\"false\" \/><\/span><\/p>\n<div class=\"medi\">Medikament* (z.B.: Euthyrox)<\/div>\n<div class=\"wirk\">Wirkst\u00e4rke<\/div>\n<div class=\"dosierung\">Dosierung<\/div>\n<div><span class=\"wpcf7-form-control-wrap medi1\"><input type=\"text\" name=\"medi1\" value=\"\" size=\"40\" class=\"wpcf7-form-control wpcf7-text wpcf7-validates-as-required medi\" aria-required=\"true\" aria-invalid=\"false\" \/><\/span><span class=\"wpcf7-form-control-wrap wirk1\"><input type=\"text\" name=\"wirk1\" value=\"\" size=\"40\" class=\"wpcf7-form-control wpcf7-text wirk\" aria-invalid=\"false\" \/><\/span><span class=\"wpcf7-form-control-wrap dosierung1\"><input type=\"text\" name=\"dosierung1\" value=\"\" size=\"40\" class=\"wpcf7-form-control wpcf7-text dosierung\" aria-invalid=\"false\" \/><\/span><\/div>\n<div><span class=\"wpcf7-form-control-wrap medi2\"><input type=\"text\" name=\"medi2\" value=\"\" size=\"40\" class=\"wpcf7-form-control wpcf7-text medi\" aria-invalid=\"false\" \/><\/span><span class=\"wpcf7-form-control-wrap wirk2\"><input type=\"text\" name=\"wirk2\" value=\"\" size=\"40\" class=\"wpcf7-form-control wpcf7-text wirk\" aria-invalid=\"false\" \/><\/span><span class=\"wpcf7-form-control-wrap dosierung2\"><input type=\"text\" name=\"dosierung2\" value=\"\" size=\"40\" class=\"wpcf7-form-control wpcf7-text dosierung\" aria-invalid=\"false\" \/><\/span><\/div>\n<div><span class=\"wpcf7-form-control-wrap medi3\"><input type=\"text\" name=\"medi3\" value=\"\" size=\"40\" class=\"wpcf7-form-control wpcf7-text medi\" aria-invalid=\"false\" \/><\/span><span class=\"wpcf7-form-control-wrap wirk3\"><input type=\"text\" name=\"wirk3\" value=\"\" size=\"40\" class=\"wpcf7-form-control wpcf7-text wirk\" aria-invalid=\"false\" \/><\/span><span class=\"wpcf7-form-control-wrap dosierung3\"><input type=\"text\" name=\"dosierung3\" value=\"\" size=\"40\" class=\"wpcf7-form-control wpcf7-text dosierung\" aria-invalid=\"false\" \/><\/span><\/div>\n<div><span class=\"wpcf7-form-control-wrap medi4\"><input type=\"text\" name=\"medi4\" value=\"\" size=\"40\" class=\"wpcf7-form-control wpcf7-text medi\" aria-invalid=\"false\" \/><\/span><span class=\"wpcf7-form-control-wrap wirk4\"><input type=\"text\" name=\"wirk4\" value=\"\" size=\"40\" class=\"wpcf7-form-control wpcf7-text wirk\" aria-invalid=\"false\" \/><\/span><span class=\"wpcf7-form-control-wrap dosierung4\"><input type=\"text\" name=\"dosierung4\" value=\"\" size=\"40\" class=\"wpcf7-form-control wpcf7-text dosierung\" aria-invalid=\"false\" \/><\/span><\/div>\n<div><span class=\"wpcf7-form-control-wrap medi5\"><input type=\"text\" name=\"medi5\" value=\"\" size=\"40\" class=\"wpcf7-form-control wpcf7-text medi\" aria-invalid=\"false\" \/><\/span><span class=\"wpcf7-form-control-wrap wirk5\"><input type=\"text\" name=\"wirk5\" value=\"\" size=\"40\" class=\"wpcf7-form-control wpcf7-text wirk\" aria-invalid=\"false\" \/><\/span><span class=\"wpcf7-form-control-wrap dosierung5\"><input type=\"text\" name=\"dosierung5\" value=\"\" size=\"40\" class=\"wpcf7-form-control wpcf7-text dosierung\" aria-invalid=\"false\" \/><\/span><\/div>\n<div><span class=\"wpcf7-form-control-wrap medi6\"><input type=\"text\" name=\"medi6\" value=\"\" size=\"40\" class=\"wpcf7-form-control wpcf7-text medi\" aria-invalid=\"false\" \/><\/span><span class=\"wpcf7-form-control-wrap wirk6\"><input type=\"text\" name=\"wirk6\" value=\"\" size=\"40\" class=\"wpcf7-form-control wpcf7-text wirk\" aria-invalid=\"false\" \/><\/span><span class=\"wpcf7-form-control-wrap dosierung6\"><input type=\"text\" name=\"dosierung6\" value=\"\" size=\"40\" class=\"wpcf7-form-control wpcf7-text dosierung\" aria-invalid=\"false\" \/><\/span><\/div>\n<div><span class=\"wpcf7-form-control-wrap medi7\"><input type=\"text\" name=\"medi7\" value=\"\" size=\"40\" class=\"wpcf7-form-control wpcf7-text medi\" aria-invalid=\"false\" \/><\/span><span class=\"wpcf7-form-control-wrap wirk7\"><input type=\"text\" name=\"wirk7\" value=\"\" size=\"40\" class=\"wpcf7-form-control wpcf7-text wirk\" aria-invalid=\"false\" \/><\/span><span class=\"wpcf7-form-control-wrap dosierung7\"><input type=\"text\" name=\"dosierung7\" value=\"\" size=\"40\" class=\"wpcf7-form-control wpcf7-text dosierung\" aria-invalid=\"false\" \/><\/span><\/div>\n<div><span class=\"wpcf7-form-control-wrap medi8\"><input type=\"text\" name=\"medi8\" value=\"\" size=\"40\" class=\"wpcf7-form-control wpcf7-text medi\" aria-invalid=\"false\" \/><\/span><span class=\"wpcf7-form-control-wrap wirk8\"><input type=\"text\" name=\"wirk8\" value=\"\" size=\"40\" class=\"wpcf7-form-control wpcf7-text wirk\" aria-invalid=\"false\" \/><\/span><span class=\"wpcf7-form-control-wrap dosierung8\"><input type=\"text\" name=\"dosierung8\" value=\"\" size=\"40\" class=\"wpcf7-form-control wpcf7-text dosierung\" aria-invalid=\"false\" \/><\/span><\/div>\n<div><span class=\"wpcf7-form-control-wrap medi9\"><input type=\"text\" name=\"medi9\" value=\"\" size=\"40\" class=\"wpcf7-form-control wpcf7-text medi\" aria-invalid=\"false\" \/><\/span><span class=\"wpcf7-form-control-wrap wirk9\"><input type=\"text\" name=\"wirk9\" value=\"\" size=\"40\" class=\"wpcf7-form-control wpcf7-text wirk\" aria-invalid=\"false\" \/><\/span><span class=\"wpcf7-form-control-wrap dosierung9\"><input type=\"text\" name=\"dosierung9\" value=\"\" size=\"40\" class=\"wpcf7-form-control wpcf7-text dosierung\" aria-invalid=\"false\" \/><\/span><\/div>\n<p><input type=\"submit\" value=\"Verbindlich abschicken\" class=\"wpcf7-form-control wpcf7-submit\" \/><\/p>\n<div class=\"wpcf7-response-output\" aria-hidden=\"true\"><\/div><\/form><\/div>\n<p><strong>Ausf\u00fcllhilfe und Hinweise:<\/strong><\/p>\n<p>F\u00fcllen Sie alle Felder sorgf\u00e4ltig aus. Tragen Sie Ihre pers\u00f6nlichen Daten ein. Bei den Medikamenten geben Sie den Namen des Pr\u00e4parats ein. In das Feld &#8222;Wirkst\u00e4rke&#8220; tragen Sie die St\u00e4rke des Medikaments ein, z.B.: 100mg. Bei Dosierung geben Sie ein, wie Sie die Medikamente einnehmen, z.B.: 1-0-0-0 morgens-mittags-abends-nachts.<\/p>\n<p><strong>Beachten Sie<\/strong> dass die Rezeptausstellung mit einer \u00e4rztlichen Kontrolle verbunden ist, und dieser Service nicht im Rahmen einer Neueinstellung bzw. Erstbehandlung verwendet werden kann. Sie k\u00f6nnen nur bereits verordnete Medikamente reservieren (Dauermedikamente).<\/p>\n<p>&nbsp;<\/p>\n","protected":false},"excerpt":{"rendered":"<p>Die Ordination ist an folgenden Tagen geschlossen: 11.05.2026 bis 15.05.2026 03.08.2026 bis 14.08.2026 21.09.2026 bis 25.09.2026 Bitte denken Sie daran, ALLE 90 Tage Ihre e-card in der Ordination stecken zu lassen, um eine reibungslose e-Medikation auf die Karte zu gew\u00e4hrleisten!&hellip;<\/p>\n","protected":false},"author":1,"featured_media":0,"parent":0,"menu_order":0,"comment_status":"closed","ping_status":"open","template":"","meta":{"ngg_post_thumbnail":0},"_links":{"self":[{"href":"https:\/\/praxis-mariatrost.at\/index.php\/wp-json\/wp\/v2\/pages\/18"}],"collection":[{"href":"https:\/\/praxis-mariatrost.at\/index.php\/wp-json\/wp\/v2\/pages"}],"about":[{"href":"https:\/\/praxis-mariatrost.at\/index.php\/wp-json\/wp\/v2\/types\/page"}],"author":[{"embeddable":true,"href":"https:\/\/praxis-mariatrost.at\/index.php\/wp-json\/wp\/v2\/users\/1"}],"replies":[{"embeddable":true,"href":"https:\/\/praxis-mariatrost.at\/index.php\/wp-json\/wp\/v2\/comments?post=18"}],"version-history":[{"count":69,"href":"https:\/\/praxis-mariatrost.at\/index.php\/wp-json\/wp\/v2\/pages\/18\/revisions"}],"predecessor-version":[{"id":826,"href":"https:\/\/praxis-mariatrost.at\/index.php\/wp-json\/wp\/v2\/pages\/18\/revisions\/826"}],"wp:attachment":[{"href":"https:\/\/praxis-mariatrost.at\/index.php\/wp-json\/wp\/v2\/media?parent=18"}],"curies":[{"name":"wp","href":"https:\/\/api.w.org\/{rel}","templated":true}]}}